{"id":166,"date":"2018-12-10T22:06:12","date_gmt":"2018-12-10T22:06:12","guid":{"rendered":"http:\/\/estrategiasdeautoproteccion.com\/?page_id=166"},"modified":"2024-06-30T21:35:35","modified_gmt":"2024-07-01T02:35:35","slug":"acerca-de-mi","status":"publish","type":"page","link":"https:\/\/estrategiasdeautoproteccion.com\/index.php\/acerca-de-mi\/","title":{"rendered":"QUI\u00c9NES SOMOS"},"content":{"rendered":"\t\t<div data-elementor-type=\"wp-post\" data-elementor-id=\"166\" class=\"elementor elementor-166\">\n\t\t\t\t\t\t<section class=\"elementor-section elementor-top-section elementor-element elementor-element-86bdee8 elementor-section-height-min-height elementor-section-content-middle elementor-section-stretched elementor-section-boxed elementor-section-height-default elementor-section-items-middle\" data-id=\"86bdee8\" data-element_type=\"section\" data-e-type=\"section\" data-settings=\"{&quot;background_background&quot;:&quot;classic&quot;,&quot;stretch_section&quot;:&quot;section-stretched&quot;}\">\n\t\t\t\t\t\t<div class=\"elementor-container elementor-column-gap-no\">\n\t\t\t\t\t<div class=\"elementor-column elementor-col-50 elementor-top-column elementor-element elementor-element-0897b4e\" data-id=\"0897b4e\" data-element_type=\"column\" data-e-type=\"column\" data-settings=\"{&quot;background_background&quot;:&quot;classic&quot;}\">\n\t\t\t<div class=\"elementor-widget-wrap elementor-element-populated\">\n\t\t\t\t\t\t<div class=\"elementor-element elementor-element-35935f7 elementor-icon-list--layout-inline elementor-mobile-align-center elementor-hidden-phone elementor-align-start elementor-list-item-link-full_width elementor-widget elementor-widget-icon-list\" data-id=\"35935f7\" data-element_type=\"widget\" data-e-type=\"widget\" data-widget_type=\"icon-list.default\">\n\t\t\t\t<div class=\"elementor-widget-container\">\n\t\t\t\t\t\t\t<ul class=\"elementor-icon-list-items elementor-inline-items\">\n\t\t\t\t\t\t\t<li class=\"elementor-icon-list-item elementor-inline-item\">\n\t\t\t\t\t\t\t\t\t\t\t<span class=\"elementor-icon-list-icon\">\n\t\t\t\t\t\t\t\t\t\t\t\t\t\t\t\t<i class=\"fa fa-whatsapp\" aria-hidden=\"true\"><\/i>\n\t\t\t\t\t\t\t\t\t\t\t\t\t<\/span>\n\t\t\t\t\t\t\t\t\t\t<span class=\"elementor-icon-list-text\">+593999941031<\/span>\n\t\t\t\t\t\t\t\t\t<\/li>\n\t\t\t\t\t\t\t\t<li class=\"elementor-icon-list-item elementor-inline-item\">\n\t\t\t\t\t\t\t\t\t\t\t<span class=\"elementor-icon-list-icon\">\n\t\t\t\t\t\t\t\t\t\t\t\t\t\t\t\t<i class=\"fa fa-envelope\" aria-hidden=\"true\"><\/i>\n\t\t\t\t\t\t\t\t\t\t\t\t\t<\/span>\n\t\t\t\t\t\t\t\t\t\t<span class=\"elementor-icon-list-text\">contacto@estrategiasdeautoproteccion.com<\/span>\n\t\t\t\t\t\t\t\t\t<\/li>\n\t\t\t\t\t\t<\/ul>\n\t\t\t\t\t\t<\/div>\n\t\t\t\t<\/div>\n\t\t\t\t\t<\/div>\n\t\t<\/div>\n\t\t\t\t<div class=\"elementor-column elementor-col-50 elementor-top-column elementor-element elementor-element-2a3b9e2\" data-id=\"2a3b9e2\" data-element_type=\"column\" data-e-type=\"column\" data-settings=\"{&quot;background_background&quot;:&quot;classic&quot;}\">\n\t\t\t<div class=\"elementor-widget-wrap elementor-element-populated\">\n\t\t\t\t\t\t<div class=\"elementor-element elementor-element-ded9358 e-grid-align-right e-grid-align-mobile-center elementor-shape-rounded elementor-grid-0 elementor-widget elementor-widget-social-icons\" data-id=\"ded9358\" data-element_type=\"widget\" data-e-type=\"widget\" data-widget_type=\"social-icons.default\">\n\t\t\t\t<div class=\"elementor-widget-container\">\n\t\t\t\t\t\t\t<div class=\"elementor-social-icons-wrapper elementor-grid\" role=\"list\">\n\t\t\t\t\t\t\t<span class=\"elementor-grid-item\" role=\"listitem\">\n\t\t\t\t\t<a class=\"elementor-icon elementor-social-icon elementor-social-icon-facebook elementor-animation-hang elementor-repeater-item-5646027\" href=\"https:\/\/www.facebook.com\/Extraproteccion\/\" target=\"_blank\">\n\t\t\t\t\t\t<span class=\"elementor-screen-only\">Facebook<\/span>\n\t\t\t\t\t\t\t\t\t\t\t\t\t<i class=\"fa fa-facebook\" aria-hidden=\"true\"><\/i>\n\t\t\t\t\t\t\t\t\t\t\t<\/a>\n\t\t\t\t<\/span>\n\t\t\t\t\t\t\t<span class=\"elementor-grid-item\" role=\"listitem\">\n\t\t\t\t\t<a class=\"elementor-icon elementor-social-icon elementor-social-icon-instagram elementor-animation-hang elementor-repeater-item-90d82ca\" href=\"https:\/\/www.instagram.com\/estrategiasautoproteccion\/\" target=\"_blank\">\n\t\t\t\t\t\t<span class=\"elementor-screen-only\">Instagram<\/span>\n\t\t\t\t\t\t\t\t\t\t\t\t\t<i class=\"fa fa-instagram\" aria-hidden=\"true\"><\/i>\n\t\t\t\t\t\t\t\t\t\t\t<\/a>\n\t\t\t\t<\/span>\n\t\t\t\t\t\t\t<span class=\"elementor-grid-item\" role=\"listitem\">\n\t\t\t\t\t<a class=\"elementor-icon elementor-social-icon elementor-social-icon-linkedin elementor-animation-hang elementor-repeater-item-d04f834\" href=\"https:\/\/www.linkedin.com\/feed\/\" target=\"_blank\">\n\t\t\t\t\t\t<span class=\"elementor-screen-only\">Linkedin<\/span>\n\t\t\t\t\t\t\t\t\t\t\t\t\t<i class=\"fa fa-linkedin\" aria-hidden=\"true\"><\/i>\n\t\t\t\t\t\t\t\t\t\t\t<\/a>\n\t\t\t\t<\/span>\n\t\t\t\t\t\t\t<span class=\"elementor-grid-item\" role=\"listitem\">\n\t\t\t\t\t<a class=\"elementor-icon elementor-social-icon elementor-social-icon-youtube elementor-animation-hang elementor-repeater-item-b1f69c6\" href=\"https:\/\/www.youtube.com\/channel\/UCSK7fOHP9Up8jRW3zHDWZYw?view_as=subscriber\" target=\"_blank\">\n\t\t\t\t\t\t<span class=\"elementor-screen-only\">Youtube<\/span>\n\t\t\t\t\t\t\t\t\t\t\t\t\t<i class=\"fa fa-youtube\" aria-hidden=\"true\"><\/i>\n\t\t\t\t\t\t\t\t\t\t\t<\/a>\n\t\t\t\t<\/span>\n\t\t\t\t\t\t\t<span class=\"elementor-grid-item\" role=\"listitem\">\n\t\t\t\t\t<a class=\"elementor-icon elementor-social-icon elementor-social-icon-twitter elementor-animation-hang elementor-repeater-item-72bc942\" href=\"https:\/\/twitter.com\/Krlospro\" target=\"_blank\">\n\t\t\t\t\t\t<span class=\"elementor-screen-only\">Twitter<\/span>\n\t\t\t\t\t\t\t\t\t\t\t\t\t<i class=\"fa fa-twitter\" aria-hidden=\"true\"><\/i>\n\t\t\t\t\t\t\t\t\t\t\t<\/a>\n\t\t\t\t<\/span>\n\t\t\t\t\t<\/div>\n\t\t\t\t\t\t<\/div>\n\t\t\t\t<\/div>\n\t\t\t\t\t<\/div>\n\t\t<\/div>\n\t\t\t\t\t<\/div>\n\t\t<\/section>\n\t\t\t\t<section class=\"elementor-section elementor-top-section elementor-element elementor-element-36db1bc elementor-section-content-middle elementor-section-stretched elementor-section-boxed elementor-section-height-default elementor-section-height-default\" data-id=\"36db1bc\" data-element_type=\"section\" data-e-type=\"section\" data-settings=\"{&quot;background_background&quot;:&quot;classic&quot;,&quot;stretch_section&quot;:&quot;section-stretched&quot;}\">\n\t\t\t\t\t\t<div class=\"elementor-container elementor-column-gap-no\">\n\t\t\t\t\t<div class=\"elementor-column elementor-col-100 elementor-top-column elementor-element elementor-element-a33bcaf\" data-id=\"a33bcaf\" data-element_type=\"column\" data-e-type=\"column\">\n\t\t\t<div class=\"elementor-widget-wrap\">\n\t\t\t\t\t\t\t<\/div>\n\t\t<\/div>\n\t\t\t\t\t<\/div>\n\t\t<\/section>\n\t\t\t\t<section class=\"elementor-section elementor-top-section elementor-element elementor-element-fabc3ad elementor-section-content-middle elementor-section-stretched elementor-section-boxed elementor-section-height-default elementor-section-height-default\" data-id=\"fabc3ad\" data-element_type=\"section\" data-e-type=\"section\" data-settings=\"{&quot;background_background&quot;:&quot;classic&quot;,&quot;stretch_section&quot;:&quot;section-stretched&quot;}\">\n\t\t\t\t\t\t<div class=\"elementor-container elementor-column-gap-no\">\n\t\t\t\t\t<div class=\"elementor-column elementor-col-100 elementor-top-column elementor-element elementor-element-e691fc4\" data-id=\"e691fc4\" data-element_type=\"column\" data-e-type=\"column\">\n\t\t\t<div class=\"elementor-widget-wrap elementor-element-populated\">\n\t\t\t\t\t\t<div class=\"elementor-element elementor-element-202e3a7 elementor-widget elementor-widget-image\" data-id=\"202e3a7\" data-element_type=\"widget\" data-e-type=\"widget\" data-widget_type=\"image.default\">\n\t\t\t\t<div class=\"elementor-widget-container\">\n\t\t\t\t\t\t\t\t\t\t\t\t\t\t\t<img fetchpriority=\"high\" decoding=\"async\" width=\"2757\" height=\"949\" src=\"https:\/\/estrategiasdeautoproteccion.com\/wp-content\/uploads\/2020\/07\/Sin-t\u00edtulo.png\" class=\"attachment-full size-full wp-image-1445\" alt=\"\" srcset=\"https:\/\/estrategiasdeautoproteccion.com\/wp-content\/uploads\/2020\/07\/Sin-t\u00edtulo.png 2757w, https:\/\/estrategiasdeautoproteccion.com\/wp-content\/uploads\/2020\/07\/Sin-t\u00edtulo-300x103.png 300w, https:\/\/estrategiasdeautoproteccion.com\/wp-content\/uploads\/2020\/07\/Sin-t\u00edtulo-768x264.png 768w, https:\/\/estrategiasdeautoproteccion.com\/wp-content\/uploads\/2020\/07\/Sin-t\u00edtulo-1024x352.png 1024w\" sizes=\"(max-width: 709px) 85vw, (max-width: 909px) 67vw, (max-width: 1362px) 62vw, 840px\" \/>\t\t\t\t\t\t\t\t\t\t\t\t\t\t\t<\/div>\n\t\t\t\t<\/div>\n\t\t\t\t<div class=\"elementor-element elementor-element-e8cfd45 elementor-widget elementor-widget-heading\" data-id=\"e8cfd45\" data-element_type=\"widget\" data-e-type=\"widget\" data-widget_type=\"heading.default\">\n\t\t\t\t<div class=\"elementor-widget-container\">\n\t\t\t\t\t<h3 class=\"elementor-heading-title elementor-size-default\">Acerca de nosotros<\/h3>\t\t\t\t<\/div>\n\t\t\t\t<\/div>\n\t\t\t\t<div class=\"elementor-element elementor-element-804d689 elementor-widget elementor-widget-text-editor\" data-id=\"804d689\" data-element_type=\"widget\" data-e-type=\"widget\" data-widget_type=\"text-editor.default\">\n\t\t\t\t<div class=\"elementor-widget-container\">\n\t\t\t\t\t\t\t\t\t<p><span style=\"color: #000000;\">El Centro Especializado de Autoprotecci\u00f3n y Defensa Personal (C.E.A.D.P.) nace en principio como la Escuela \u00abEstrategias de Autoprotecci\u00f3n\u00bb en diciembre del a\u00f1o 2012, bajo la direcci\u00f3n de (Krlos) Carloz A. Proa\u00f1o, estratega especializado en autoprotecci\u00f3n, defensa personal y supervivencia urbana.<\/span><\/p><p><span style=\"color: #000000;\">Como Estrategias de Autoprotecci\u00f3n, en alianza con prestigiosas empresas internacionales de seguridad y anti terrorismo como Krav Maga \u00c9lite Latinoam\u00e9rica y Protect Israel\u00ed Security Solutions, contribuimos a la formaci\u00f3n de cientos de personas tanto polic\u00edas, militares, escoltas, guardias de seguridad y gente en general interesada en aprender recursos efectivos para prevenir y\/o actuar ante diferentes situaciones de peligro provocadas por la delincuencia y la violencia social.<\/span><\/p><p><span style=\"color: #000000;\">Actualmente tambi\u00e9n somos parte de la Federaci\u00f3n Israel\u00ed de Artes Marciales y Defensa Personal (F.I.M.A.) y dentro del Ecuador contamos con el aval de Fundaci\u00f3n Coored, entidad regulada por el Ministerio de Educaci\u00f3n Acuerdo Ministerial 034-CZEZ3-2018. <\/span><br \/><span style=\"color: #000000;\">Organismo Evaluador de la Conformidad, calificaci\u00f3n SETEC: SETEC-REC-2018-027. Entidad reconocida por el Ministerio de Productividad.\u00a0<\/span><span style=\"color: #000000;\">De igual manera estamos reconocidos con la certificaci\u00f3n SETEC-227-CCL-79712.\u00a0<\/span><\/p><p><span style=\"color: #000000;\">Tenemos tambi\u00e9n el aval del Ministerio del Interior del Ecuador, Ministerio del Deporte y Ministerio de Educaci\u00f3n en cuanto a la autorizaci\u00f3n para impartir formaci\u00f3n relacionada al manejo de armas de fuego.<\/span><\/p><p><span style=\"color: #000000;\">Al momento nuestra presencia, mediante capacitaciones presenciales y virtuales, ha sido posible en varios pa\u00edses entre ellos Espa\u00f1a, Estados Unidos, M\u00e9xico, Costa Rica, Honduras, Venezuela, Colombia, Ecuador, Per\u00fa, Brasil, Chile, Bolivia, Uruguay y Argentinas<\/span><\/p>\t\t\t\t\t\t\t\t<\/div>\n\t\t\t\t<\/div>\n\t\t\t\t\t<\/div>\n\t\t<\/div>\n\t\t\t\t\t<\/div>\n\t\t<\/section>\n\t\t\t\t<section class=\"elementor-section elementor-top-section elementor-element elementor-element-17dd0946 elementor-section-content-middle elementor-section-stretched elementor-section-boxed elementor-section-height-default elementor-section-height-default\" data-id=\"17dd0946\" data-element_type=\"section\" data-e-type=\"section\" data-settings=\"{&quot;background_background&quot;:&quot;classic&quot;,&quot;stretch_section&quot;:&quot;section-stretched&quot;}\">\n\t\t\t\t\t\t<div class=\"elementor-container elementor-column-gap-no\">\n\t\t\t\t\t<div class=\"elementor-column elementor-col-50 elementor-top-column elementor-element elementor-element-15d8970f\" data-id=\"15d8970f\" data-element_type=\"column\" data-e-type=\"column\">\n\t\t\t<div class=\"elementor-widget-wrap elementor-element-populated\">\n\t\t\t\t\t\t<div class=\"elementor-element elementor-element-5b85d0e0 elementor-widget elementor-widget-image\" data-id=\"5b85d0e0\" data-element_type=\"widget\" data-e-type=\"widget\" data-widget_type=\"image.default\">\n\t\t\t\t<div class=\"elementor-widget-container\">\n\t\t\t\t\t\t\t\t\t\t\t\t\t\t\t<img decoding=\"async\" width=\"3220\" height=\"4830\" src=\"https:\/\/estrategiasdeautoproteccion.com\/wp-content\/uploads\/2018\/12\/IMG_4504-copia-1.jpg\" class=\"attachment-full size-full wp-image-256\" alt=\"\" srcset=\"https:\/\/estrategiasdeautoproteccion.com\/wp-content\/uploads\/2018\/12\/IMG_4504-copia-1.jpg 3220w, https:\/\/estrategiasdeautoproteccion.com\/wp-content\/uploads\/2018\/12\/IMG_4504-copia-1-200x300.jpg 200w, https:\/\/estrategiasdeautoproteccion.com\/wp-content\/uploads\/2018\/12\/IMG_4504-copia-1-768x1152.jpg 768w, https:\/\/estrategiasdeautoproteccion.com\/wp-content\/uploads\/2018\/12\/IMG_4504-copia-1-683x1024.jpg 683w\" sizes=\"(max-width: 709px) 85vw, (max-width: 909px) 67vw, (max-width: 1362px) 62vw, 840px\" \/>\t\t\t\t\t\t\t\t\t\t\t\t\t\t\t<\/div>\n\t\t\t\t<\/div>\n\t\t\t\t\t<\/div>\n\t\t<\/div>\n\t\t\t\t<div class=\"elementor-column elementor-col-50 elementor-top-column elementor-element elementor-element-7634e313\" data-id=\"7634e313\" data-element_type=\"column\" data-e-type=\"column\">\n\t\t\t<div class=\"elementor-widget-wrap elementor-element-populated\">\n\t\t\t\t\t\t<div class=\"elementor-element elementor-element-291e1f0 elementor-widget elementor-widget-heading\" data-id=\"291e1f0\" data-element_type=\"widget\" data-e-type=\"widget\" data-widget_type=\"heading.default\">\n\t\t\t\t<div class=\"elementor-widget-container\">\n\t\t\t\t\t<h2 class=\"elementor-heading-title elementor-size-default\">Carloz A. Proa\u00f1o<\/h2>\t\t\t\t<\/div>\n\t\t\t\t<\/div>\n\t\t\t\t<div class=\"elementor-element elementor-element-67e0c1d1 elementor-widget elementor-widget-text-editor\" data-id=\"67e0c1d1\" data-element_type=\"widget\" data-e-type=\"widget\" data-widget_type=\"text-editor.default\">\n\t\t\t\t<div class=\"elementor-widget-container\">\n\t\t\t\t\t\t\t\t\t<p>EXPERTO EN AUTOPROTECCI\u00d3N, DEFENSA PERSONAL Y SUPERVIVENCIA URBANA<\/p>\t\t\t\t\t\t\t\t<\/div>\n\t\t\t\t<\/div>\n\t\t\t\t<div class=\"elementor-element elementor-element-54c787b elementor-widget elementor-widget-text-editor\" data-id=\"54c787b\" data-element_type=\"widget\" data-e-type=\"widget\" data-widget_type=\"text-editor.default\">\n\t\t\t\t<div class=\"elementor-widget-container\">\n\t\t\t\t\t\t\t\t\t<p><span style=\"font-family: 'Times New Roman', serif; font-size: 12pt; color: #ffffff; text-align: justify;\">Licenciado en Comunicaci\u00f3n Social, periodista profesional e investigador con m\u00e1s de 25 a\u00f1os de experiencia en radio, prensa escrita y televisi\u00f3n.\u00a0 \u00a0 \u00a0\u00a0<\/span><\/p><p style=\"color: #ffffff; font-size: 15px; text-align: justify; line-height: normal;\"><span lang=\"es\" style=\"font-size: 12pt; font-family: 'Times New Roman', serif;\">En calidad de reportero e investigador, he efectuado importantes trabajos relacionados con el \u00e1mbito pol\u00edtico, pero tambi\u00e9n en la categor\u00eda de cr\u00f3nica roja e investigaci\u00f3n polic\u00edaca, \u00a0cubriendo acontecimientos referentes a toda clase de violencia y criminalidad.\u00a0\u00a0\u00a0\u00a0\u00a0<\/span><\/p><p style=\"color: #ffffff; font-size: 15px; text-align: justify; line-height: normal;\"><span lang=\"es\" style=\"font-size: 12pt; font-family: 'Times New Roman', serif;\">He tenido experiencia real de supervivencia y acci\u00f3n en ambientes urbanos hostiles de alto peligro, donde ha imperado la violencia callejera, delincuencia, drogadicci\u00f3n, narcotr\u00e1fico, peleas, criminalidad, realidad carcelaria, etc.<\/span><\/p>\t\t\t\t\t\t\t\t<\/div>\n\t\t\t\t<\/div>\n\t\t\t\t\t<\/div>\n\t\t<\/div>\n\t\t\t\t\t<\/div>\n\t\t<\/section>\n\t\t\t\t<section class=\"elementor-section elementor-top-section elementor-element elementor-element-13b6fd68 elementor-section-stretched elementor-section-boxed elementor-section-height-default elementor-section-height-default\" data-id=\"13b6fd68\" data-element_type=\"section\" data-e-type=\"section\" data-settings=\"{&quot;background_background&quot;:&quot;classic&quot;,&quot;stretch_section&quot;:&quot;section-stretched&quot;}\">\n\t\t\t\t\t\t<div class=\"elementor-container elementor-column-gap-wider\">\n\t\t\t\t\t<div class=\"elementor-column elementor-col-100 elementor-top-column elementor-element elementor-element-5a4ba7c9\" data-id=\"5a4ba7c9\" data-element_type=\"column\" data-e-type=\"column\">\n\t\t\t<div class=\"elementor-widget-wrap elementor-element-populated\">\n\t\t\t\t\t\t<div class=\"elementor-element elementor-element-3059279b elementor-widget elementor-widget-text-editor\" data-id=\"3059279b\" data-element_type=\"widget\" data-e-type=\"widget\" data-widget_type=\"text-editor.default\">\n\t\t\t\t<div class=\"elementor-widget-container\">\n\t\t\t\t\t\t\t\t\t<p style=\"text-align: justify; line-height: normal; mso-layout-grid-align: none; text-autospace: none;\"><span style=\"font-family: 'Times New Roman', serif; font-size: 12pt; letter-spacing: 0px;\">Empec\u00e9 mi camino en las artes marciales hace 25 a\u00f1os, primero con el boxeo, pasando por el Karate \u2013 Do y actualmente \u00a0soy Instructor Experto en Krav Maga (sistema de defensa personal israelita) avalado por la organizaci\u00f3n Krav Maga \u00c9lite Latinoam\u00e9rica y Protect Israel\u00ed Security Solutions.\u00a0 \u00a0 \u00a0<\/span><\/p><p style=\"text-align: justify; line-height: normal; mso-layout-grid-align: none; text-autospace: none;\"><span style=\"font-family: 'Times New Roman', serif; font-size: 12pt; letter-spacing: 0px;\">He sido reconocido como el primer instructor ecuatoriano de Krav Maga en ser certificado por la Federaci\u00f3n Israel\u00ed de Artes Marciales y Defensa Personal F.I.M.A.<\/span><\/p><p style=\"text-align: justify; line-height: normal; mso-layout-grid-align: none; text-autospace: none;\"><span lang=\"es\" style=\"font-size: 12.0pt; font-family: 'Times New Roman','serif'; mso-ansi-language: #000A;\">Tambi\u00e9n estoy \u00a0certificado como instructor en manejo de cuchillo, avalado\u00a0 por la organizaci\u00f3n internacional Guba Doce Pares.<\/span><\/p><p style=\"text-align: justify; line-height: normal; mso-layout-grid-align: none; text-autospace: none;\"><span style=\"font-family: 'Times New Roman', serif; font-size: 12pt; letter-spacing: 0px;\">Por otra parte, soy autor del libro \u201cProtegerte o no, t\u00fa decides\u201d, texto que se convirti\u00f3 en n\u00famero uno de descargas en\u00a0 su categor\u00eda en la librer\u00eda virtual de Amazon.\u00a0\u00a0<\/span><\/p><p style=\"text-align: justify; line-height: normal; mso-layout-grid-align: none; text-autospace: none;\"><span style=\"font-family: Times New Roman, serif;\"><span style=\"font-size: 16px;\">Capacito a personal civil,\u00a0 policial y militar de unidades de \u00e9lite y tambi\u00e9n a\u00a0<\/span><\/span><span style=\"font-family: 'Times New Roman', serif; font-size: 16px; letter-spacing: 0px;\">protectores V.I.P.<\/span><\/p><p style=\"text-align: justify; line-height: normal; mso-layout-grid-align: none; text-autospace: none;\"><span style=\"font-family: 'Times New Roman', serif; font-size: 16px; letter-spacing: 0px;\">Especialista en autoprotecci\u00f3n y supervivencia urbana. Instructor de manejo de armas de fuego certificado por el Gobierno del Ecuador.<\/span><\/p><p style=\"text-align: justify; line-height: normal; mso-layout-grid-align: none; text-autospace: none;\"><span lang=\"es\" style=\"font-size: 12.0pt; font-family: 'Times New Roman','serif'; mso-ansi-language: #000A;\">Adem\u00e1s, \u00a0he incursionado en el mundo de la Programaci\u00f3n Neuroling\u00fc\u00edstica y la Hipnosis. S<\/span><span style=\"font-family: 'Times New Roman', serif; font-size: 12pt; letter-spacing: 0px;\">oy tambi\u00e9n coach Insighter Duplicador avalado por la Academia Europea de Neurociencias, Econom\u00eda y Humanidades.<\/span><\/p><p style=\"text-align: justify; line-height: normal; mso-layout-grid-align: none; text-autospace: none;\"><span style=\"font-family: 'Times New Roman', serif; font-size: 12pt; letter-spacing: 0px;\">Mi trabajo se ha trasladado a escala internacional. Dicto clases permanentes, talleres especiales, seminarios y cursos especializados tanto de manera presencial como on line.\u00a0<\/span><\/p><p style=\"text-align: justify; line-height: normal; mso-layout-grid-align: none; text-autospace: none;\"><span style=\"font-family: 'Times New Roman', serif; font-size: 12pt; letter-spacing: 0px;\">Sin embargo, m\u00e1s all\u00e1 de lo que pueda decir sobre m\u00ed, considero que la mejor carta de presentaci\u00f3n sobre la calidad y resultados de mi trabajo son los testimonios de cientos de personas a quienes he tenido la oportunidad de capacitar a lo largo de varios a\u00f1os, pruebas y testimonios que pueden encontrarse en esta misma p\u00e1gina.<\/span><\/p>\t\t\t\t\t\t\t\t<\/div>\n\t\t\t\t<\/div>\n\t\t\t\t\t<\/div>\n\t\t<\/div>\n\t\t\t\t\t<\/div>\n\t\t<\/section>\n\t\t\t\t<section class=\"elementor-section elementor-top-section elementor-element elementor-element-44b22565 elementor-section-content-middle elementor-section-stretched elementor-section-boxed elementor-section-height-default elementor-section-height-default elementor-invisible\" data-id=\"44b22565\" data-element_type=\"section\" data-e-type=\"section\" data-settings=\"{&quot;stretch_section&quot;:&quot;section-stretched&quot;,&quot;background_background&quot;:&quot;classic&quot;,&quot;animation&quot;:&quot;fadeInDown&quot;}\">\n\t\t\t\t\t\t<div class=\"elementor-container elementor-column-gap-no\">\n\t\t\t\t\t<div class=\"elementor-column elementor-col-100 elementor-top-column elementor-element elementor-element-31130cdc\" data-id=\"31130cdc\" data-element_type=\"column\" data-e-type=\"column\">\n\t\t\t<div class=\"elementor-widget-wrap\">\n\t\t\t\t\t\t\t<\/div>\n\t\t<\/div>\n\t\t\t\t\t<\/div>\n\t\t<\/section>\n\t\t\t\t<\/div>\n\t\t","protected":false},"excerpt":{"rendered":"<p>+593999941031 contacto@estrategiasdeautoproteccion.com Facebook Instagram Linkedin Youtube Twitter Acerca de nosotros El Centro Especializado de Autoprotecci\u00f3n y Defensa Personal (C.E.A.D.P.) nace en principio como la Escuela \u00abEstrategias de Autoprotecci\u00f3n\u00bb en diciembre del a\u00f1o 2012, bajo la direcci\u00f3n de (Krlos) Carloz A. Proa\u00f1o, estratega especializado en autoprotecci\u00f3n, defensa personal y supervivencia urbana. Como Estrategias de Autoprotecci\u00f3n, en &hellip; <a href=\"https:\/\/estrategiasdeautoproteccion.com\/index.php\/acerca-de-mi\/\" class=\"more-link\">Continuar leyendo<span class=\"screen-reader-text\"> \u00abQUI\u00c9NES SOMOS\u00bb<\/span><\/a><\/p>\n","protected":false},"author":1,"featured_media":0,"parent":0,"menu_order":0,"comment_status":"closed","ping_status":"closed","template":"elementor_header_footer","meta":{"footnotes":""},"_links":{"self":[{"href":"https:\/\/estrategiasdeautoproteccion.com\/index.php\/wp-json\/wp\/v2\/pages\/166"}],"collection":[{"href":"https:\/\/estrategiasdeautoproteccion.com\/index.php\/wp-json\/wp\/v2\/pages"}],"about":[{"href":"https:\/\/estrategiasdeautoproteccion.com\/index.php\/wp-json\/wp\/v2\/types\/page"}],"author":[{"embeddable":true,"href":"https:\/\/estrategiasdeautoproteccion.com\/index.php\/wp-json\/wp\/v2\/users\/1"}],"replies":[{"embeddable":true,"href":"https:\/\/estrategiasdeautoproteccion.com\/index.php\/wp-json\/wp\/v2\/comments?post=166"}],"version-history":[{"count":52,"href":"https:\/\/estrategiasdeautoproteccion.com\/index.php\/wp-json\/wp\/v2\/pages\/166\/revisions"}],"predecessor-version":[{"id":5275,"href":"https:\/\/estrategiasdeautoproteccion.com\/index.php\/wp-json\/wp\/v2\/pages\/166\/revisions\/5275"}],"wp:attachment":[{"href":"https:\/\/estrategiasdeautoproteccion.com\/index.php\/wp-json\/wp\/v2\/media?parent=166"}],"curies":[{"name":"wp","href":"https:\/\/api.w.org\/{rel}","templated":true}]}}