{"id":5906,"date":"2025-07-15T17:37:09","date_gmt":"2025-07-15T22:37:09","guid":{"rendered":"https:\/\/estrategiasdeautoproteccion.com\/?page_id=5906"},"modified":"2025-07-15T19:27:33","modified_gmt":"2025-07-16T00:27:33","slug":"curso-de-destrezas","status":"publish","type":"page","link":"https:\/\/estrategiasdeautoproteccion.com\/index.php\/curso-de-destrezas\/","title":{"rendered":"curso de destrezas"},"content":{"rendered":"\t\t<div data-elementor-type=\"wp-page\" data-elementor-id=\"5906\" class=\"elementor elementor-5906\">\n\t\t\t\t\t\t<section class=\"elementor-section elementor-top-section elementor-element elementor-element-6e664b3c elementor-section-content-middle elementor-section-stretched elementor-section-boxed elementor-section-height-default elementor-section-height-default\" data-id=\"6e664b3c\" data-element_type=\"section\" data-e-type=\"section\" data-settings=\"{&quot;background_background&quot;:&quot;classic&quot;,&quot;stretch_section&quot;:&quot;section-stretched&quot;}\">\n\t\t\t\t\t\t<div class=\"elementor-container elementor-column-gap-no\">\n\t\t\t\t\t<div class=\"elementor-column elementor-col-100 elementor-top-column elementor-element elementor-element-1fcb9b90\" data-id=\"1fcb9b90\" data-element_type=\"column\" data-e-type=\"column\">\n\t\t\t<div class=\"elementor-widget-wrap elementor-element-populated\">\n\t\t\t\t\t\t<div class=\"elementor-element elementor-element-5b88ece8 elementor-widget elementor-widget-heading\" data-id=\"5b88ece8\" data-element_type=\"widget\" data-e-type=\"widget\" data-widget_type=\"heading.default\">\n\t\t\t\t<div class=\"elementor-widget-container\">\n\t\t\t\t\t<h3 class=\"elementor-heading-title elementor-size-default\">\u00bfQuieres obtener tu permiso de porte o de tenencia de arma de fuego?<\/h3>\t\t\t\t<\/div>\n\t\t\t\t<\/div>\n\t\t\t\t<div class=\"elementor-element elementor-element-7287d766 elementor-widget elementor-widget-image\" data-id=\"7287d766\" data-element_type=\"widget\" data-e-type=\"widget\" data-widget_type=\"image.default\">\n\t\t\t\t<div class=\"elementor-widget-container\">\n\t\t\t\t\t\t\t\t\t\t\t\t\t\t\t<img fetchpriority=\"high\" decoding=\"async\" width=\"840\" height=\"840\" src=\"https:\/\/estrategiasdeautoproteccion.com\/wp-content\/uploads\/2024\/09\/MANEJO-DE-ARMAS-DE-FUEGO-9-1024x1024.jpg\" class=\"attachment-large size-large wp-image-5456\" alt=\"\" srcset=\"https:\/\/estrategiasdeautoproteccion.com\/wp-content\/uploads\/2024\/09\/MANEJO-DE-ARMAS-DE-FUEGO-9-1024x1024.jpg 1024w, https:\/\/estrategiasdeautoproteccion.com\/wp-content\/uploads\/2024\/09\/MANEJO-DE-ARMAS-DE-FUEGO-9-300x300.jpg 300w, https:\/\/estrategiasdeautoproteccion.com\/wp-content\/uploads\/2024\/09\/MANEJO-DE-ARMAS-DE-FUEGO-9-150x150.jpg 150w, https:\/\/estrategiasdeautoproteccion.com\/wp-content\/uploads\/2024\/09\/MANEJO-DE-ARMAS-DE-FUEGO-9-768x768.jpg 768w, https:\/\/estrategiasdeautoproteccion.com\/wp-content\/uploads\/2024\/09\/MANEJO-DE-ARMAS-DE-FUEGO-9.jpg 1080w\" sizes=\"(max-width: 709px) 85vw, (max-width: 909px) 67vw, (max-width: 1362px) 62vw, 840px\" \/>\t\t\t\t\t\t\t\t\t\t\t\t\t\t\t<\/div>\n\t\t\t\t<\/div>\n\t\t\t\t<div class=\"elementor-element elementor-element-43a06a7e elementor-widget elementor-widget-text-editor\" data-id=\"43a06a7e\" data-element_type=\"widget\" data-e-type=\"widget\" data-widget_type=\"text-editor.default\">\n\t\t\t\t<div class=\"elementor-widget-container\">\n\t\t\t\t\t\t\t\t\t<p style=\"text-align: center;\"><span style=\"color: #000000;\"><b>Este es el curso que necesitas para tramitar tu permiso de porte o de tenencia de armas de fuego. Es un curso obligatorio tengas o no experiencia. Requisito indispensable tanto para tramitar el permiso por primera vez o si requieres hacer la renovaci\u00f3n.<\/b><\/span><\/p>\t\t\t\t\t\t\t\t<\/div>\n\t\t\t\t<\/div>\n\t\t\t\t<div class=\"elementor-element elementor-element-6bdd7271 elementor-widget elementor-widget-image\" data-id=\"6bdd7271\" data-element_type=\"widget\" data-e-type=\"widget\" data-widget_type=\"image.default\">\n\t\t\t\t<div class=\"elementor-widget-container\">\n\t\t\t\t\t\t\t\t\t\t\t\t\t\t\t<img decoding=\"async\" width=\"840\" height=\"840\" src=\"https:\/\/estrategiasdeautoproteccion.com\/wp-content\/uploads\/2025\/07\/Copy-of-MANEJO-DE-ARMAS-DE-FUEGO-4-1024x1024.jpg\" class=\"attachment-large size-large wp-image-5912\" alt=\"\" srcset=\"https:\/\/estrategiasdeautoproteccion.com\/wp-content\/uploads\/2025\/07\/Copy-of-MANEJO-DE-ARMAS-DE-FUEGO-4-1024x1024.jpg 1024w, https:\/\/estrategiasdeautoproteccion.com\/wp-content\/uploads\/2025\/07\/Copy-of-MANEJO-DE-ARMAS-DE-FUEGO-4-300x300.jpg 300w, https:\/\/estrategiasdeautoproteccion.com\/wp-content\/uploads\/2025\/07\/Copy-of-MANEJO-DE-ARMAS-DE-FUEGO-4-150x150.jpg 150w, https:\/\/estrategiasdeautoproteccion.com\/wp-content\/uploads\/2025\/07\/Copy-of-MANEJO-DE-ARMAS-DE-FUEGO-4-768x768.jpg 768w, https:\/\/estrategiasdeautoproteccion.com\/wp-content\/uploads\/2025\/07\/Copy-of-MANEJO-DE-ARMAS-DE-FUEGO-4.jpg 1080w\" sizes=\"(max-width: 709px) 85vw, (max-width: 909px) 67vw, (max-width: 1362px) 62vw, 840px\" \/>\t\t\t\t\t\t\t\t\t\t\t\t\t\t\t<\/div>\n\t\t\t\t<\/div>\n\t\t\t\t<div class=\"elementor-element elementor-element-d83f99e elementor-widget elementor-widget-text-editor\" data-id=\"d83f99e\" data-element_type=\"widget\" data-e-type=\"widget\" data-widget_type=\"text-editor.default\">\n\t\t\t\t<div class=\"elementor-widget-container\">\n\t\t\t\t\t\t\t\t\t<p style=\"text-align: center;\">Duraci\u00f3n del curso: 15 d\u00edas, 80% virtual y 1 fin de semana presencial en nuestro pol\u00edgono en la ciudad de Quito. Modalidad grupal.<\/p>\t\t\t\t\t\t\t\t<\/div>\n\t\t\t\t<\/div>\n\t\t\t\t<div class=\"elementor-element elementor-element-f3c62a9 elementor-mobile-align-center elementor-align-center elementor-widget elementor-widget-button\" data-id=\"f3c62a9\" data-element_type=\"widget\" data-e-type=\"widget\" data-widget_type=\"button.default\">\n\t\t\t\t<div class=\"elementor-widget-container\">\n\t\t\t\t\t\t\t\t\t<div class=\"elementor-button-wrapper\">\n\t\t\t\t\t<a class=\"elementor-button elementor-button-link elementor-size-sm\" href=\"https:\/\/wa.link\/nu7eu1\" target=\"_blank\">\n\t\t\t\t\t\t<span class=\"elementor-button-content-wrapper\">\n\t\t\t\t\t\t\t\t\t<span class=\"elementor-button-text\">M\u00c1S INFORMACI\u00d3N<\/span>\n\t\t\t\t\t<\/span>\n\t\t\t\t\t<\/a>\n\t\t\t\t<\/div>\n\t\t\t\t\t\t\t\t<\/div>\n\t\t\t\t<\/div>\n\t\t\t\t<div class=\"elementor-element elementor-element-6b2e1f6 elementor-widget-divider--view-line elementor-widget elementor-widget-divider\" data-id=\"6b2e1f6\" data-element_type=\"widget\" data-e-type=\"widget\" data-widget_type=\"divider.default\">\n\t\t\t\t<div class=\"elementor-widget-container\">\n\t\t\t\t\t\t\t<div class=\"elementor-divider\">\n\t\t\t<span class=\"elementor-divider-separator\">\n\t\t\t\t\t\t<\/span>\n\t\t<\/div>\n\t\t\t\t\t\t<\/div>\n\t\t\t\t<\/div>\n\t\t\t\t<div class=\"elementor-element elementor-element-a6cd533 elementor-widget elementor-widget-image\" data-id=\"a6cd533\" data-element_type=\"widget\" data-e-type=\"widget\" data-widget_type=\"image.default\">\n\t\t\t\t<div class=\"elementor-widget-container\">\n\t\t\t\t\t\t\t\t\t\t\t\t\t\t\t<img decoding=\"async\" width=\"840\" height=\"840\" src=\"https:\/\/estrategiasdeautoproteccion.com\/wp-content\/uploads\/2025\/07\/Copy-of-MANEJO-DE-ARMAS-DE-FUEGO-5-1024x1024.jpg\" class=\"attachment-large size-large wp-image-5913\" alt=\"\" srcset=\"https:\/\/estrategiasdeautoproteccion.com\/wp-content\/uploads\/2025\/07\/Copy-of-MANEJO-DE-ARMAS-DE-FUEGO-5-1024x1024.jpg 1024w, https:\/\/estrategiasdeautoproteccion.com\/wp-content\/uploads\/2025\/07\/Copy-of-MANEJO-DE-ARMAS-DE-FUEGO-5-300x300.jpg 300w, https:\/\/estrategiasdeautoproteccion.com\/wp-content\/uploads\/2025\/07\/Copy-of-MANEJO-DE-ARMAS-DE-FUEGO-5-150x150.jpg 150w, https:\/\/estrategiasdeautoproteccion.com\/wp-content\/uploads\/2025\/07\/Copy-of-MANEJO-DE-ARMAS-DE-FUEGO-5-768x768.jpg 768w, https:\/\/estrategiasdeautoproteccion.com\/wp-content\/uploads\/2025\/07\/Copy-of-MANEJO-DE-ARMAS-DE-FUEGO-5.jpg 1080w\" sizes=\"(max-width: 709px) 85vw, (max-width: 909px) 67vw, (max-width: 1362px) 62vw, 840px\" \/>\t\t\t\t\t\t\t\t\t\t\t\t\t\t\t<\/div>\n\t\t\t\t<\/div>\n\t\t\t\t<div class=\"elementor-element elementor-element-2db74cd elementor-widget elementor-widget-text-editor\" data-id=\"2db74cd\" data-element_type=\"widget\" data-e-type=\"widget\" data-widget_type=\"text-editor.default\">\n\t\t\t\t<div class=\"elementor-widget-container\">\n\t\t\t\t\t\t\t\t\t<p style=\"text-align: center;\">Duraci\u00f3n del curso: 3 d\u00edas, 80% virtual y 1 d\u00eda presencial en nuestro pol\u00edgono en la ciudad de Quito. Modalidad privada, apta para personas que no tienen tiempo o prefieren un entrenamiento con total discreci\u00f3n.<\/p>\t\t\t\t\t\t\t\t<\/div>\n\t\t\t\t<\/div>\n\t\t\t\t<div class=\"elementor-element elementor-element-83c8c99 elementor-mobile-align-center elementor-align-center elementor-widget elementor-widget-button\" data-id=\"83c8c99\" data-element_type=\"widget\" data-e-type=\"widget\" data-widget_type=\"button.default\">\n\t\t\t\t<div class=\"elementor-widget-container\">\n\t\t\t\t\t\t\t\t\t<div class=\"elementor-button-wrapper\">\n\t\t\t\t\t<a class=\"elementor-button elementor-button-link elementor-size-sm\" href=\"https:\/\/wa.link\/trmr1c\" target=\"_blank\">\n\t\t\t\t\t\t<span class=\"elementor-button-content-wrapper\">\n\t\t\t\t\t\t\t\t\t<span class=\"elementor-button-text\">M\u00c1S INFORMACI\u00d3N<\/span>\n\t\t\t\t\t<\/span>\n\t\t\t\t\t<\/a>\n\t\t\t\t<\/div>\n\t\t\t\t\t\t\t\t<\/div>\n\t\t\t\t<\/div>\n\t\t\t\t<div class=\"elementor-element elementor-element-5fb21e16 elementor-widget elementor-widget-spacer\" data-id=\"5fb21e16\" data-element_type=\"widget\" data-e-type=\"widget\" data-widget_type=\"spacer.default\">\n\t\t\t\t<div class=\"elementor-widget-container\">\n\t\t\t\t\t\t\t<div class=\"elementor-spacer\">\n\t\t\t<div class=\"elementor-spacer-inner\"><\/div>\n\t\t<\/div>\n\t\t\t\t\t\t<\/div>\n\t\t\t\t<\/div>\n\t\t\t\t\t<\/div>\n\t\t<\/div>\n\t\t\t\t\t<\/div>\n\t\t<\/section>\n\t\t\t\t<section class=\"elementor-section elementor-top-section elementor-element elementor-element-24f6fa0d elementor-section-boxed elementor-section-height-default elementor-section-height-default\" data-id=\"24f6fa0d\" data-element_type=\"section\" data-e-type=\"section\">\n\t\t\t\t\t\t<div class=\"elementor-container elementor-column-gap-default\">\n\t\t\t\t\t<div class=\"elementor-column elementor-col-50 elementor-top-column elementor-element elementor-element-7bf65bbf\" data-id=\"7bf65bbf\" data-element_type=\"column\" data-e-type=\"column\">\n\t\t\t<div class=\"elementor-widget-wrap elementor-element-populated\">\n\t\t\t\t\t\t<div class=\"elementor-element elementor-element-46042a52 elementor-widget elementor-widget-image\" data-id=\"46042a52\" data-element_type=\"widget\" data-e-type=\"widget\" data-widget_type=\"image.default\">\n\t\t\t\t<div class=\"elementor-widget-container\">\n\t\t\t\t\t\t\t\t\t\t\t\t\t\t\t<img loading=\"lazy\" decoding=\"async\" width=\"840\" height=\"630\" src=\"https:\/\/estrategiasdeautoproteccion.com\/wp-content\/uploads\/2025\/07\/WhatsApp-Image-2025-02-10-at-11.37.03-1024x768.jpeg\" class=\"attachment-large size-large wp-image-5894\" alt=\"\" srcset=\"https:\/\/estrategiasdeautoproteccion.com\/wp-content\/uploads\/2025\/07\/WhatsApp-Image-2025-02-10-at-11.37.03-1024x768.jpeg 1024w, https:\/\/estrategiasdeautoproteccion.com\/wp-content\/uploads\/2025\/07\/WhatsApp-Image-2025-02-10-at-11.37.03-300x225.jpeg 300w, https:\/\/estrategiasdeautoproteccion.com\/wp-content\/uploads\/2025\/07\/WhatsApp-Image-2025-02-10-at-11.37.03-768x576.jpeg 768w, https:\/\/estrategiasdeautoproteccion.com\/wp-content\/uploads\/2025\/07\/WhatsApp-Image-2025-02-10-at-11.37.03.jpeg 1080w\" sizes=\"(max-width: 709px) 85vw, (max-width: 909px) 67vw, (max-width: 1362px) 62vw, 840px\" \/>\t\t\t\t\t\t\t\t\t\t\t\t\t\t\t<\/div>\n\t\t\t\t<\/div>\n\t\t\t\t<div class=\"elementor-element elementor-element-8cf845 elementor-widget elementor-widget-image\" data-id=\"8cf845\" data-element_type=\"widget\" data-e-type=\"widget\" data-widget_type=\"image.default\">\n\t\t\t\t<div class=\"elementor-widget-container\">\n\t\t\t\t\t\t\t\t\t\t\t\t\t\t\t<img loading=\"lazy\" decoding=\"async\" width=\"840\" height=\"840\" src=\"https:\/\/estrategiasdeautoproteccion.com\/wp-content\/uploads\/2025\/07\/WhatsApp-Image-2024-08-26-at-17.52.40-1024x1024.jpeg\" class=\"attachment-large size-large wp-image-5896\" alt=\"\" srcset=\"https:\/\/estrategiasdeautoproteccion.com\/wp-content\/uploads\/2025\/07\/WhatsApp-Image-2024-08-26-at-17.52.40-1024x1024.jpeg 1024w, https:\/\/estrategiasdeautoproteccion.com\/wp-content\/uploads\/2025\/07\/WhatsApp-Image-2024-08-26-at-17.52.40-300x300.jpeg 300w, https:\/\/estrategiasdeautoproteccion.com\/wp-content\/uploads\/2025\/07\/WhatsApp-Image-2024-08-26-at-17.52.40-150x150.jpeg 150w, https:\/\/estrategiasdeautoproteccion.com\/wp-content\/uploads\/2025\/07\/WhatsApp-Image-2024-08-26-at-17.52.40-768x768.jpeg 768w, https:\/\/estrategiasdeautoproteccion.com\/wp-content\/uploads\/2025\/07\/WhatsApp-Image-2024-08-26-at-17.52.40.jpeg 1200w\" sizes=\"(max-width: 709px) 85vw, (max-width: 909px) 67vw, (max-width: 1362px) 62vw, 840px\" \/>\t\t\t\t\t\t\t\t\t\t\t\t\t\t\t<\/div>\n\t\t\t\t<\/div>\n\t\t\t\t\t<\/div>\n\t\t<\/div>\n\t\t\t\t<div class=\"elementor-column elementor-col-50 elementor-top-column elementor-element elementor-element-74ffeb62\" data-id=\"74ffeb62\" data-element_type=\"column\" data-e-type=\"column\">\n\t\t\t<div class=\"elementor-widget-wrap elementor-element-populated\">\n\t\t\t\t\t\t<div class=\"elementor-element elementor-element-647f74ef elementor-widget elementor-widget-image\" data-id=\"647f74ef\" data-element_type=\"widget\" data-e-type=\"widget\" data-widget_type=\"image.default\">\n\t\t\t\t<div class=\"elementor-widget-container\">\n\t\t\t\t\t\t\t\t\t\t\t\t\t\t\t<img loading=\"lazy\" decoding=\"async\" width=\"840\" height=\"469\" src=\"https:\/\/estrategiasdeautoproteccion.com\/wp-content\/uploads\/2025\/07\/WhatsApp-Image-2025-02-10-at-11.38.47-1024x572.jpeg\" class=\"attachment-large size-large wp-image-5895\" alt=\"\" srcset=\"https:\/\/estrategiasdeautoproteccion.com\/wp-content\/uploads\/2025\/07\/WhatsApp-Image-2025-02-10-at-11.38.47-1024x572.jpeg 1024w, https:\/\/estrategiasdeautoproteccion.com\/wp-content\/uploads\/2025\/07\/WhatsApp-Image-2025-02-10-at-11.38.47-300x168.jpeg 300w, https:\/\/estrategiasdeautoproteccion.com\/wp-content\/uploads\/2025\/07\/WhatsApp-Image-2025-02-10-at-11.38.47-768x429.jpeg 768w, https:\/\/estrategiasdeautoproteccion.com\/wp-content\/uploads\/2025\/07\/WhatsApp-Image-2025-02-10-at-11.38.47.jpeg 1080w\" sizes=\"(max-width: 709px) 85vw, (max-width: 909px) 67vw, (max-width: 1362px) 62vw, 840px\" \/>\t\t\t\t\t\t\t\t\t\t\t\t\t\t\t<\/div>\n\t\t\t\t<\/div>\n\t\t\t\t\t<\/div>\n\t\t<\/div>\n\t\t\t\t\t<\/div>\n\t\t<\/section>\n\t\t\t\t<section class=\"elementor-section elementor-top-section elementor-element elementor-element-49a3d5a5 elementor-section-boxed elementor-section-height-default elementor-section-height-default\" data-id=\"49a3d5a5\" data-element_type=\"section\" data-e-type=\"section\">\n\t\t\t\t\t\t<div class=\"elementor-container elementor-column-gap-default\">\n\t\t\t\t\t<div class=\"elementor-column elementor-col-100 elementor-top-column elementor-element elementor-element-7ccc6bad\" data-id=\"7ccc6bad\" data-element_type=\"column\" data-e-type=\"column\">\n\t\t\t<div class=\"elementor-widget-wrap\">\n\t\t\t\t\t\t\t<\/div>\n\t\t<\/div>\n\t\t\t\t\t<\/div>\n\t\t<\/section>\n\t\t\t\t<\/div>\n\t\t","protected":false},"excerpt":{"rendered":"<p>\u00bfQuieres obtener tu permiso de porte o de tenencia de arma de fuego? Este es el curso que necesitas para tramitar tu permiso de porte o de tenencia de armas de fuego. Es un curso obligatorio tengas o no experiencia. Requisito indispensable tanto para tramitar el permiso por primera vez o si requieres hacer la &hellip; <a href=\"https:\/\/estrategiasdeautoproteccion.com\/index.php\/curso-de-destrezas\/\" class=\"more-link\">Continuar leyendo<span class=\"screen-reader-text\"> \u00abcurso de destrezas\u00bb<\/span><\/a><\/p>\n","protected":false},"author":1,"featured_media":0,"parent":0,"menu_order":0,"comment_status":"closed","ping_status":"closed","template":"elementor_header_footer","meta":{"footnotes":""},"_links":{"self":[{"href":"https:\/\/estrategiasdeautoproteccion.com\/index.php\/wp-json\/wp\/v2\/pages\/5906"}],"collection":[{"href":"https:\/\/estrategiasdeautoproteccion.com\/index.php\/wp-json\/wp\/v2\/pages"}],"about":[{"href":"https:\/\/estrategiasdeautoproteccion.com\/index.php\/wp-json\/wp\/v2\/types\/page"}],"author":[{"embeddable":true,"href":"https:\/\/estrategiasdeautoproteccion.com\/index.php\/wp-json\/wp\/v2\/users\/1"}],"replies":[{"embeddable":true,"href":"https:\/\/estrategiasdeautoproteccion.com\/index.php\/wp-json\/wp\/v2\/comments?post=5906"}],"version-history":[{"count":13,"href":"https:\/\/estrategiasdeautoproteccion.com\/index.php\/wp-json\/wp\/v2\/pages\/5906\/revisions"}],"predecessor-version":[{"id":5938,"href":"https:\/\/estrategiasdeautoproteccion.com\/index.php\/wp-json\/wp\/v2\/pages\/5906\/revisions\/5938"}],"wp:attachment":[{"href":"https:\/\/estrategiasdeautoproteccion.com\/index.php\/wp-json\/wp\/v2\/media?parent=5906"}],"curies":[{"name":"wp","href":"https:\/\/api.w.org\/{rel}","templated":true}]}}